{"id":14,"date":"2014-03-10T15:53:15","date_gmt":"2014-03-10T13:53:15","guid":{"rendered":"http:\/\/www.juliaotte.at\/drskorpik\/?page_id=12"},"modified":"2022-08-25T09:48:00","modified_gmt":"2022-08-25T07:48:00","slug":"kontakt","status":"publish","type":"page","link":"https:\/\/www.augenarzt-skorpik.at\/?page_id=14","title":{"rendered":"KONTAKT"},"content":{"rendered":"\t\t<div data-elementor-type=\"wp-page\" data-elementor-id=\"14\" class=\"elementor elementor-14\">\n\t\t\t\t\t\t<div class=\"elementor-inner\">\n\t\t\t\t<div class=\"elementor-section-wrap\">\n\t\t\t\t\t\t\t\t\t<section class=\"elementor-section elementor-top-section elementor-element elementor-element-49fb4ab2 elementor-section-boxed elementor-section-height-default elementor-section-height-default\" data-id=\"49fb4ab2\" data-element_type=\"section\">\n\t\t\t\t\t\t<div class=\"elementor-container elementor-column-gap-default\">\n\t\t\t\t\t\t\t<div class=\"elementor-row\">\n\t\t\t\t\t<div class=\"elementor-column elementor-col-100 elementor-top-column elementor-element elementor-element-985c89f\" data-id=\"985c89f\" data-element_type=\"column\">\n\t\t\t<div class=\"elementor-column-wrap elementor-element-populated\">\n\t\t\t\t\t\t\t<div class=\"elementor-widget-wrap\">\n\t\t\t\t\t\t<section class=\"elementor-section elementor-inner-section elementor-element elementor-element-7fa1419 elementor-section-boxed elementor-section-height-default elementor-section-height-default\" data-id=\"7fa1419\" data-element_type=\"section\">\n\t\t\t\t\t\t<div class=\"elementor-container elementor-column-gap-default\">\n\t\t\t\t\t\t\t<div class=\"elementor-row\">\n\t\t\t\t\t<div class=\"elementor-column elementor-col-50 elementor-inner-column elementor-element elementor-element-90d7bcf\" data-id=\"90d7bcf\" data-element_type=\"column\">\n\t\t\t<div class=\"elementor-column-wrap elementor-element-populated\">\n\t\t\t\t\t\t\t<div class=\"elementor-widget-wrap\">\n\t\t\t\t\t\t<div class=\"elementor-element elementor-element-0f0c0eb elementor-widget elementor-widget-heading\" data-id=\"0f0c0eb\" data-element_type=\"widget\" data-widget_type=\"heading.default\">\n\t\t\t\t<div class=\"elementor-widget-container\">\n\t\t\t<h2 class=\"elementor-heading-title elementor-size-default\">KONTAKT<\/h2>\t\t<\/div>\n\t\t\t\t<\/div>\n\t\t\t\t<div class=\"elementor-element elementor-element-20c6dfa elementor-widget elementor-widget-text-editor\" data-id=\"20c6dfa\" data-element_type=\"widget\" data-widget_type=\"text-editor.default\">\n\t\t\t\t<div class=\"elementor-widget-container\">\n\t\t\t\t\t\t\t\t<div class=\"elementor-text-editor elementor-clearfix\">\n\t\t\t\t<p><strong>Ao. Univ.-Prof.<\/strong>&nbsp;<strong>Dr. med. univ. Christian Skorpik<\/strong><br><strong>Facharzt f\u00fcr Augenheilkunde und Optometrie<br><\/strong><br><strong>Privatordination (keine Kassen)<\/strong><br>W\u00e4hringer Stra\u00dfe 125\/29<br>1180 Wien<br>Eingang: Teschnergasse 41<\/p><p>Barrierefreier Zugang (Lift) nach telefonischem Aviso.<\/p>\n<p><strong>Ordinationszeiten:<\/strong> nach telefonischer Vereinbarung<br><strong>Telefon\/Fax:<\/strong> +43 1 4067840<\/p>\n<p><strong>E-Mail:<\/strong> <a href=\"mailto:ordination@augenarzt-skorpik.at\">ordination@augenarzt-skorpik.at<\/a><\/p>\t\t\t\t\t<\/div>\n\t\t\t\t\t\t<\/div>\n\t\t\t\t<\/div>\n\t\t\t\t\t\t<\/div>\n\t\t\t\t\t<\/div>\n\t\t<\/div>\n\t\t\t\t<div class=\"elementor-column elementor-col-50 elementor-inner-column elementor-element elementor-element-b378679\" data-id=\"b378679\" data-element_type=\"column\">\n\t\t\t<div class=\"elementor-column-wrap elementor-element-populated\">\n\t\t\t\t\t\t\t<div class=\"elementor-widget-wrap\">\n\t\t\t\t\t\t<div class=\"elementor-element elementor-element-b3b2994 elementor-widget elementor-widget-image\" data-id=\"b3b2994\" data-element_type=\"widget\" data-widget_type=\"image.default\">\n\t\t\t\t<div class=\"elementor-widget-container\">\n\t\t\t\t\t\t\t\t<div class=\"elementor-image\">\n\t\t\t\t\t\t\t\t\t\t\t\t<img width=\"479\" height=\"319\" src=\"https:\/\/www.augenarzt-skorpik.at\/wp-content\/uploads\/2020\/04\/dr_skorpik_stiegenhaus.jpg\" class=\"attachment-full size-full\" alt=\"\" loading=\"lazy\" srcset=\"https:\/\/www.augenarzt-skorpik.at\/wp-content\/uploads\/2020\/04\/dr_skorpik_stiegenhaus.jpg 479w, https:\/\/www.augenarzt-skorpik.at\/wp-content\/uploads\/2020\/04\/dr_skorpik_stiegenhaus-300x200.jpg 300w\" sizes=\"(max-width: 479px) 100vw, 479px\" \/>\t\t\t\t\t\t\t\t\t\t\t\t\t\t<\/div>\n\t\t\t\t\t\t<\/div>\n\t\t\t\t<\/div>\n\t\t\t\t<div class=\"elementor-element elementor-element-76ec9b4c elementor-widget elementor-widget-text-editor\" data-id=\"76ec9b4c\" data-element_type=\"widget\" data-widget_type=\"text-editor.default\">\n\t\t\t\t<div class=\"elementor-widget-container\">\n\t\t\t\t\t\t\t\t<div class=\"elementor-text-editor elementor-clearfix\">\n\t\t\t\t<p><strong>Lageplan<\/strong><\/p><p><iframe loading=\"lazy\" src=\"https:\/\/maps.google.at\/maps?q=W%C3%A4hringer+Stra%C3%9Fe+125&amp;ie=UTF8&amp;hq=&amp;hnear=W%C3%A4hringer+Stra%C3%9Fe+125,+W%C3%A4hring+1180+Wien&amp;gl=at&amp;t=m&amp;z=14&amp;iwloc=A&amp;ll=48.227425,16.338502&amp;output=embed\" width=\"300\" height=\"350\" frameborder=\"0\" marginwidth=\"0\" marginheight=\"0\" scrolling=\"no\"><\/iframe><br \/><small><a style=\"color: #0000ff; text-align: left;\" href=\"https:\/\/maps.google.at\/maps?q=W%C3%A4hringer+Stra%C3%9Fe+125&amp;ie=UTF8&amp;hq=&amp;hnear=W%C3%A4hringer+Stra%C3%9Fe+125,+W%C3%A4hring+1180+Wien&amp;gl=at&amp;t=m&amp;z=14&amp;iwloc=A&amp;ll=48.227425,16.338502&amp;source=embed\">Gr\u00f6\u00dfere Kartenansicht<\/a><\/small><\/p>\t\t\t\t\t<\/div>\n\t\t\t\t\t\t<\/div>\n\t\t\t\t<\/div>\n\t\t\t\t<div class=\"elementor-element elementor-element-2818b94 elementor-widget elementor-widget-text-editor\" data-id=\"2818b94\" data-element_type=\"widget\" data-widget_type=\"text-editor.default\">\n\t\t\t\t<div class=\"elementor-widget-container\">\n\t\t\t\t\t\t\t\t<div class=\"elementor-text-editor elementor-clearfix\">\n\t\t\t\t<p><strong>Anfahrt:<\/strong><br \/>\u00d6ffentliche Verkehrsmittel: U6 Volksoper und Stra\u00dfenbahnlinien 40 bzw 41 bis Aumannplatz oder Martinstra\u00dfe.<br \/>Auto: siehe Plan, Parkm\u00f6glichkeit in der Schubertgarage (direkt gegen\u00fcber).<\/p>\t\t\t\t\t<\/div>\n\t\t\t\t\t\t<\/div>\n\t\t\t\t<\/div>\n\t\t\t\t\t\t<\/div>\n\t\t\t\t\t<\/div>\n\t\t<\/div>\n\t\t\t\t\t\t\t\t<\/div>\n\t\t\t\t\t<\/div>\n\t\t<\/section>\n\t\t\t\t\t\t<\/div>\n\t\t\t\t\t<\/div>\n\t\t<\/div>\n\t\t\t\t\t\t\t\t<\/div>\n\t\t\t\t\t<\/div>\n\t\t<\/section>\n\t\t\t\t\t\t\t\t\t<\/div>\n\t\t\t<\/div>\n\t\t\t\t\t<\/div>\n\t\t","protected":false},"excerpt":{"rendered":"<p>KONTAKT Ao. Univ.-Prof.&nbsp;Dr. med. univ. Christian SkorpikFacharzt f\u00fcr Augenheilkunde und OptometriePrivatordination (keine Kassen)W\u00e4hringer Stra\u00dfe 125\/291180 WienEingang: Teschnergasse 41 Barrierefreier Zugang (Lift) nach telefonischem Aviso. Ordinationszeiten: nach telefonischer VereinbarungTelefon\/Fax: +43 1 4067840 E-Mail: ordination@augenarzt-skorpik.at Lageplan Gr\u00f6\u00dfere Kartenansicht Anfahrt:\u00d6ffentliche Verkehrsmittel: U6 Volksoper und Stra\u00dfenbahnlinien 40 bzw 41 bis Aumannplatz oder Martinstra\u00dfe.Auto: siehe Plan, Parkm\u00f6glichkeit in der Schubertgarage (direkt gegen\u00fcber).<\/p>\n","protected":false},"author":1,"featured_media":0,"parent":0,"menu_order":0,"comment_status":"closed","ping_status":"closed","template":"","meta":[],"_links":{"self":[{"href":"https:\/\/www.augenarzt-skorpik.at\/index.php?rest_route=\/wp\/v2\/pages\/14"}],"collection":[{"href":"https:\/\/www.augenarzt-skorpik.at\/index.php?rest_route=\/wp\/v2\/pages"}],"about":[{"href":"https:\/\/www.augenarzt-skorpik.at\/index.php?rest_route=\/wp\/v2\/types\/page"}],"author":[{"embeddable":true,"href":"https:\/\/www.augenarzt-skorpik.at\/index.php?rest_route=\/wp\/v2\/users\/1"}],"replies":[{"embeddable":true,"href":"https:\/\/www.augenarzt-skorpik.at\/index.php?rest_route=%2Fwp%2Fv2%2Fcomments&post=14"}],"version-history":[{"count":8,"href":"https:\/\/www.augenarzt-skorpik.at\/index.php?rest_route=\/wp\/v2\/pages\/14\/revisions"}],"predecessor-version":[{"id":624,"href":"https:\/\/www.augenarzt-skorpik.at\/index.php?rest_route=\/wp\/v2\/pages\/14\/revisions\/624"}],"wp:attachment":[{"href":"https:\/\/www.augenarzt-skorpik.at\/index.php?rest_route=%2Fwp%2Fv2%2Fmedia&parent=14"}],"curies":[{"name":"wp","href":"https:\/\/api.w.org\/{rel}","templated":true}]}}