{"id":11,"date":"2014-03-10T13:49:34","date_gmt":"2014-03-10T11:49:34","guid":{"rendered":"https:\/\/www.augenarzt-skorpik.at\/?page_id=11"},"modified":"2022-08-25T09:43:33","modified_gmt":"2022-08-25T07:43:33","slug":"beispiel-seite-2","status":"publish","type":"page","link":"https:\/\/www.augenarzt-skorpik.at\/?page_id=11","title":{"rendered":"ARZT"},"content":{"rendered":"\t\t<div data-elementor-type=\"wp-page\" data-elementor-id=\"11\" class=\"elementor elementor-11\">\n\t\t\t\t\t\t<div class=\"elementor-inner\">\n\t\t\t\t<div class=\"elementor-section-wrap\">\n\t\t\t\t\t\t\t\t\t<section class=\"elementor-section elementor-top-section elementor-element elementor-element-5509b94b elementor-section-boxed elementor-section-height-default elementor-section-height-default\" data-id=\"5509b94b\" data-element_type=\"section\">\n\t\t\t\t\t\t<div class=\"elementor-container elementor-column-gap-default\">\n\t\t\t\t\t\t\t<div class=\"elementor-row\">\n\t\t\t\t\t<div class=\"elementor-column elementor-col-100 elementor-top-column elementor-element elementor-element-66e0f390\" data-id=\"66e0f390\" data-element_type=\"column\">\n\t\t\t<div class=\"elementor-column-wrap elementor-element-populated\">\n\t\t\t\t\t\t\t<div class=\"elementor-widget-wrap\">\n\t\t\t\t\t\t<section class=\"elementor-section elementor-inner-section elementor-element elementor-element-f22fe87 elementor-section-boxed elementor-section-height-default elementor-section-height-default\" data-id=\"f22fe87\" data-element_type=\"section\">\n\t\t\t\t\t\t<div class=\"elementor-container elementor-column-gap-default\">\n\t\t\t\t\t\t\t<div class=\"elementor-row\">\n\t\t\t\t\t<div class=\"elementor-column elementor-col-50 elementor-inner-column elementor-element elementor-element-c9a8545\" data-id=\"c9a8545\" data-element_type=\"column\">\n\t\t\t<div class=\"elementor-column-wrap elementor-element-populated\">\n\t\t\t\t\t\t\t<div class=\"elementor-widget-wrap\">\n\t\t\t\t\t\t<div class=\"elementor-element elementor-element-efdaf24 elementor-widget elementor-widget-heading\" data-id=\"efdaf24\" data-element_type=\"widget\" data-widget_type=\"heading.default\">\n\t\t\t\t<div class=\"elementor-widget-container\">\n\t\t\t<h2 class=\"elementor-heading-title elementor-size-default\">AO. UNIV.-PROF. \nDR. CHRISTIAN SKORPIK<\/h2>\t\t<\/div>\n\t\t\t\t<\/div>\n\t\t\t\t<div class=\"elementor-element elementor-element-3014a63 elementor-widget elementor-widget-heading\" data-id=\"3014a63\" data-element_type=\"widget\" data-widget_type=\"heading.default\">\n\t\t\t\t<div class=\"elementor-widget-container\">\n\t\t\t<h4 class=\"elementor-heading-title elementor-size-default\">Werdegang<\/h4>\t\t<\/div>\n\t\t\t\t<\/div>\n\t\t\t\t<div class=\"elementor-element elementor-element-6a44628 elementor-widget elementor-widget-text-editor\" data-id=\"6a44628\" data-element_type=\"widget\" data-widget_type=\"text-editor.default\">\n\t\t\t\t<div class=\"elementor-widget-container\">\n\t\t\t\t\t\t\t\t<div class=\"elementor-text-editor elementor-clearfix\">\n\t\t\t\t<table style=\"color: #54595f; height: 598px;\" border=\"0\" width=\"358\" cellspacing=\"0\" cellpadding=\"0\"><tbody><tr><td width=\"40\"><strong>1954<\/strong><\/td><td width=\"320\">geboren in Wien<\/td><\/tr><tr><td width=\"40\"><strong>1972<\/strong><\/td><td width=\"320\">Matura am Bundesgymnasium Wien 2, Zirkusgasse<\/td><\/tr><tr><td width=\"70\"><strong>1978<\/strong><\/td><td width=\"330\">Promotion zum Doktor der gesamten Heilkunde an der Universit\u00e4t Wien<\/td><\/tr><tr><td width=\"70\"><strong>ab 1978<\/strong><\/td><td width=\"330\">Turnusausbildung Chirurgie und Innere Medizin am KH der Barmherzigen Br\u00fcder, Wien<\/td><\/tr><tr><td width=\"70\"><strong>ab 1980<\/strong><\/td><td width=\"330\">Assistenzarzt in Ausbildung zum Fach Augenheilkunde an\u00a0der\u00a01. Universit\u00e4tsaugenklinik in Wien<\/td><\/tr><tr><td width=\"70\"><strong>1985<\/strong><\/td><td width=\"330\">Facharzt f\u00fcr Augenheilkunde<\/td><\/tr><tr><td width=\"70\"><strong>1985<\/strong><\/td><td width=\"330\">Oberarzt an der 1. Universit\u00e4tsaugenklinik in Wien<\/td><\/tr><tr><td width=\"70\"><strong>1988<\/strong><\/td><td width=\"330\">Habilitation im Fach Augenheilkunde<\/td><\/tr><tr><td width=\"70\"><strong>1996<\/strong><\/td><td width=\"330\">Verleihung des Titels &#8222;Au\u00dferordentlicher Universit\u00e4tsprofessor&#8220;<\/td><\/tr><tr><td width=\"70\"><strong>1995-1998<\/strong><\/td><td width=\"330\">Stellvertretender Leiter der klinischen Abteilung f\u00fcr Augenheilkunde B der Universit\u00e4tsklinik\u00a0f\u00fcr Augenheilkunde\u00a0in Wien<\/td><\/tr><tr><td width=\"70\"><strong>2005-2018<\/strong><\/td><td width=\"330\"><p>Stellvertretender Leiter der Universit\u00e4tsklinik\u00a0\u00a0f\u00fcr Augenheilkunde und Optometrie am AKH Wien<\/p><\/td><\/tr><\/tbody><\/table>\t\t\t\t\t<\/div>\n\t\t\t\t\t\t<\/div>\n\t\t\t\t<\/div>\n\t\t\t\t\t\t<\/div>\n\t\t\t\t\t<\/div>\n\t\t<\/div>\n\t\t\t\t<div class=\"elementor-column elementor-col-50 elementor-inner-column elementor-element elementor-element-0e31b6d\" data-id=\"0e31b6d\" data-element_type=\"column\">\n\t\t\t<div class=\"elementor-column-wrap elementor-element-populated\">\n\t\t\t\t\t\t\t<div class=\"elementor-widget-wrap\">\n\t\t\t\t\t\t<div class=\"elementor-element elementor-element-01a4ae8 elementor-widget elementor-widget-image\" data-id=\"01a4ae8\" data-element_type=\"widget\" data-widget_type=\"image.default\">\n\t\t\t\t<div class=\"elementor-widget-container\">\n\t\t\t\t\t\t\t\t<div class=\"elementor-image\">\n\t\t\t\t\t\t\t\t\t\t\t\t<img width=\"479\" height=\"319\" src=\"https:\/\/www.augenarzt-skorpik.at\/wp-content\/uploads\/2020\/04\/dr_skorpik_augenarzt.jpg\" class=\"attachment-full size-full\" alt=\"\" loading=\"lazy\" srcset=\"https:\/\/www.augenarzt-skorpik.at\/wp-content\/uploads\/2020\/04\/dr_skorpik_augenarzt.jpg 479w, https:\/\/www.augenarzt-skorpik.at\/wp-content\/uploads\/2020\/04\/dr_skorpik_augenarzt-300x200.jpg 300w\" sizes=\"(max-width: 479px) 100vw, 479px\" \/>\t\t\t\t\t\t\t\t\t\t\t\t\t\t<\/div>\n\t\t\t\t\t\t<\/div>\n\t\t\t\t<\/div>\n\t\t\t\t<div class=\"elementor-element elementor-element-69ffbea elementor-widget elementor-widget-text-editor\" data-id=\"69ffbea\" data-element_type=\"widget\" data-widget_type=\"text-editor.default\">\n\t\t\t\t<div class=\"elementor-widget-container\">\n\t\t\t\t\t\t\t\t<div class=\"elementor-text-editor elementor-clearfix\">\n\t\t\t\t<h4><strong>Links<\/strong><\/h4><ul><li><a href=\"http:\/\/www.augen.at\" target=\"_blank\" rel=\"noopener noreferrer\">\u00d6sterreichische Ophthalmologische Gesellschaft\u00a0<\/a><\/li><li><a href=\"http:\/\/scholar.google.de\/\" target=\"_blank\" rel=\"noopener noreferrer\">Publikationen finden mit\u00a0Google Scholar<\/a><\/li><\/ul>\t\t\t\t\t<\/div>\n\t\t\t\t\t\t<\/div>\n\t\t\t\t<\/div>\n\t\t\t\t\t\t<\/div>\n\t\t\t\t\t<\/div>\n\t\t<\/div>\n\t\t\t\t\t\t\t\t<\/div>\n\t\t\t\t\t<\/div>\n\t\t<\/section>\n\t\t\t\t<div class=\"elementor-element elementor-element-458e4ef elementor-widget elementor-widget-text-editor\" data-id=\"458e4ef\" data-element_type=\"widget\" data-widget_type=\"text-editor.default\">\n\t\t\t\t<div class=\"elementor-widget-container\">\n\t\t\t\t\t\t\t\t<div class=\"elementor-text-editor elementor-clearfix\">\n\t\t\t\t\t\t\t\t\t<\/div>\n\t\t\t\t\t\t<\/div>\n\t\t\t\t<\/div>\n\t\t\t\t\t\t<\/div>\n\t\t\t\t\t<\/div>\n\t\t<\/div>\n\t\t\t\t\t\t\t\t<\/div>\n\t\t\t\t\t<\/div>\n\t\t<\/section>\n\t\t\t\t\t\t\t\t\t<\/div>\n\t\t\t<\/div>\n\t\t\t\t\t<\/div>\n\t\t","protected":false},"excerpt":{"rendered":"<p>AO. UNIV.-PROF. DR. CHRISTIAN SKORPIK Werdegang 1954 geboren in Wien 1972 Matura am Bundesgymnasium Wien 2, Zirkusgasse 1978 Promotion zum Doktor der gesamten Heilkunde an der Universit\u00e4t Wien ab 1978 Turnusausbildung Chirurgie und Innere Medizin am KH der Barmherzigen Br\u00fcder, Wien ab 1980 Assistenzarzt in Ausbildung zum Fach Augenheilkunde an\u00a0der\u00a01. Universit\u00e4tsaugenklinik in Wien 1985 Facharzt f\u00fcr Augenheilkunde 1985 Oberarzt an der 1. Universit\u00e4tsaugenklinik in Wien 1988 Habilitation im Fach Augenheilkunde&hellip;<\/p>\n","protected":false},"author":1,"featured_media":0,"parent":0,"menu_order":0,"comment_status":"closed","ping_status":"closed","template":"","meta":[],"_links":{"self":[{"href":"https:\/\/www.augenarzt-skorpik.at\/index.php?rest_route=\/wp\/v2\/pages\/11"}],"collection":[{"href":"https:\/\/www.augenarzt-skorpik.at\/index.php?rest_route=\/wp\/v2\/pages"}],"about":[{"href":"https:\/\/www.augenarzt-skorpik.at\/index.php?rest_route=\/wp\/v2\/types\/page"}],"author":[{"embeddable":true,"href":"https:\/\/www.augenarzt-skorpik.at\/index.php?rest_route=\/wp\/v2\/users\/1"}],"replies":[{"embeddable":true,"href":"https:\/\/www.augenarzt-skorpik.at\/index.php?rest_route=%2Fwp%2Fv2%2Fcomments&post=11"}],"version-history":[{"count":13,"href":"https:\/\/www.augenarzt-skorpik.at\/index.php?rest_route=\/wp\/v2\/pages\/11\/revisions"}],"predecessor-version":[{"id":619,"href":"https:\/\/www.augenarzt-skorpik.at\/index.php?rest_route=\/wp\/v2\/pages\/11\/revisions\/619"}],"wp:attachment":[{"href":"https:\/\/www.augenarzt-skorpik.at\/index.php?rest_route=%2Fwp%2Fv2%2Fmedia&parent=11"}],"curies":[{"name":"wp","href":"https:\/\/api.w.org\/{rel}","templated":true}]}}